{"id":2,"date":"2025-12-12T20:22:40","date_gmt":"2025-12-12T13:22:40","guid":{"rendered":"https:\/\/www.demo.vietnamweb.asia\/?page_id=2"},"modified":"2025-12-12T20:22:08","modified_gmt":"2025-12-12T13:22:08","slug":"trang-chu","status":"publish","type":"page","link":"https:\/\/zx88w.net\/","title":{"rendered":"Zx88w com &#8211; Trang Ch\u1ee7 Zx88 | \u0110\u1ea1i Ti\u1ec7c Gi\u00e1ng Sinh Th\u01b0\u1edfng L\u1edbn \u0110\u1ebfn 88.888k"},"content":{"rendered":"<h2><span style=\"font-size: 110%; color: #f99b1c;\"><strong>TRANG CH\u1ee6 \u0110\u0102NG NH\u1eacP NH\u00c0 C\u00c1I ZX88<\/strong><\/span><\/h2>\n<p>Link trang t\u1ed5ng v\u00e0o Zx88w com ch\u00ednh th\u1ee9c c\u1eadp nh\u1eadt ng\u00e0y h\u00f4m nay m\u1edbi nh\u1ea5t:<\/p>\n<div class=\"row row-small\"  id=\"row-631650654\">\n\n\t<div id=\"col-1736694977\" class=\"col medium-4 small-12 large-4\"  >\n\t\t\t\t<div class=\"col-inner\"  >\n\t\t\t\n\t\t\t\n\t<div class=\"img has-hover x md-x lg-x y md-y lg-y\" id=\"image_585510890\">\n\t\t<a class=\"\" href=\"https:\/\/te8qc2.pro\/24z7\" >\t\t\t\t\t\t<div class=\"img-inner dark\" >\n\t\t\t<img loading=\"lazy\" decoding=\"async\" width=\"400\" height=\"188\" src=\"https:\/\/zx88w.net\/wp-content\/uploads\/2025\/03\/dang-ky.webp\" class=\"attachment-original size-original\" alt=\"\u0110\u0103ng k\u00fd nh\u00e0 c\u00e1i\" srcset=\"https:\/\/zx88w.net\/wp-content\/uploads\/2025\/03\/dang-ky.webp 400w, https:\/\/zx88w.net\/wp-content\/uploads\/2025\/03\/dang-ky-300x141.webp 300w\" sizes=\"auto, (max-width: 400px) 100vw, 400px\" \/>\t\t\t\t\t\t\n\t\t\t\t\t<\/div>\n\t\t\t\t\t\t<\/a>\t\t\n<style>\n#image_585510890 {\n  width: 100%;\n}\n<\/style>\n\t<\/div>\n\t\n\t\t<\/div>\n\t\t\t\t\t<\/div>\n\n\t\n\n\t<div id=\"col-714240164\" class=\"col medium-4 small-12 large-4\"  >\n\t\t\t\t<div class=\"col-inner\"  >\n\t\t\t\n\t\t\t\n\t<div class=\"img has-hover x md-x lg-x y md-y lg-y\" id=\"image_1740553324\">\n\t\t<a class=\"\" href=\"https:\/\/te8qc2.pro\/24z7\" >\t\t\t\t\t\t<div class=\"img-inner dark\" >\n\t\t\t<img loading=\"lazy\" decoding=\"async\" width=\"400\" height=\"188\" src=\"https:\/\/zx88w.net\/wp-content\/uploads\/2025\/03\/dang-nhap.webp\" class=\"attachment-original size-original\" alt=\"\u0110\u0103ng nh\u1eadp t\u1ea3i app\" srcset=\"https:\/\/zx88w.net\/wp-content\/uploads\/2025\/03\/dang-nhap.webp 400w, https:\/\/zx88w.net\/wp-content\/uploads\/2025\/03\/dang-nhap-300x141.webp 300w\" sizes=\"auto, (max-width: 400px) 100vw, 400px\" \/>\t\t\t\t\t\t\n\t\t\t\t\t<\/div>\n\t\t\t\t\t\t<\/a>\t\t\n<style>\n#image_1740553324 {\n  width: 100%;\n}\n<\/style>\n\t<\/div>\n\t\n\t\t<\/div>\n\t\t\t\t\t<\/div>\n\n\t\n\n\t<div id=\"col-99992754\" class=\"col medium-4 small-12 large-4\"  >\n\t\t\t\t<div class=\"col-inner\"  >\n\t\t\t\n\t\t\t\n\t<div class=\"img has-hover x md-x lg-x y md-y lg-y\" id=\"image_801489665\">\n\t\t<a class=\"\" href=\"https:\/\/te8qc2.pro\/24z7\" >\t\t\t\t\t\t<div class=\"img-inner dark\" >\n\t\t\t<img loading=\"lazy\" decoding=\"async\" width=\"400\" height=\"188\" src=\"https:\/\/zx88w.net\/wp-content\/uploads\/2025\/03\/khuyen-mai.webp\" class=\"attachment-original size-original\" alt=\"Khuy\u1ebfn m\u00e3i th\u00e0nh vi\u00ean\" srcset=\"https:\/\/zx88w.net\/wp-content\/uploads\/2025\/03\/khuyen-mai.webp 400w, https:\/\/zx88w.net\/wp-content\/uploads\/2025\/03\/khuyen-mai-300x141.webp 300w\" sizes=\"auto, (max-width: 400px) 100vw, 400px\" \/>\t\t\t\t\t\t\n\t\t\t\t\t<\/div>\n\t\t\t\t\t\t<\/a>\t\t\n<style>\n#image_801489665 {\n  width: 100%;\n}\n<\/style>\n\t<\/div>\n\t\n\t\t<\/div>\n\t\t\t\t\t<\/div>\n\n\t\n<\/div>\n\t<div id=\"gap-1869574935\" class=\"gap-element clearfix\" style=\"display:block; height:auto;\">\n\t\t\n<style>\n#gap-1869574935 {\n  padding-top: 16px;\n}\n<\/style>\n\t<\/div>\n\t\n\t<div id=\"gap-1852635340\" class=\"gap-element clearfix\" style=\"display:block; height:auto;\">\n\t\t\n<style>\n#gap-1852635340 {\n  padding-top: 15px;\n}\n<\/style>\n\t<\/div>\n\t\n<p><em><strong>Disclaimer (Tuy\u00ean b\u1ed1 mi\u1ec5n tr\u1eeb):<\/strong><\/em> Zx88w.net ch\u1ec9 cung c\u1ea5p th\u00f4ng tin tham kh\u1ea3o d\u00e0nh cho ng\u01b0\u1eddi d\u00f9ng t\u1eeb 18 tu\u1ed5i tr\u1edf l\u00ean \u0111ang sinh s\u1ed1ng ngo\u00e0i l\u00e3nh th\u1ed5 Vi\u1ec7t Nam. Trang web kh\u00f4ng tham gia v\u1eadn h\u00e0nh, t\u1ed5 ch\u1ee9c hay th\u00fac \u0111\u1ea9y b\u1ea5t k\u1ef3 h\u00ecnh th\u1ee9c c\u01b0\u1ee3c n\u00e0o. M\u1ecdi quy\u1ebft \u0111\u1ecbnh c\u1ee7a ng\u01b0\u1eddi truy c\u1eadp \u0111\u1ec1u do ch\u00ednh h\u1ecd t\u1ef1 ch\u1ecbu tr\u00e1ch nhi\u1ec7m v\u00e0 trang Zx88w bet kh\u00f4ng g\u00e1nh ch\u1ecbu r\u1ee7i ro t\u1eeb vi\u1ec7c s\u1eed d\u1ee5ng ho\u1eb7c hi\u1ec3u sai n\u1ed9i dung.<\/p>\n<h2 class=\"tieu-de uppercase\"><span style=\"color: #3366ff;\"><strong>FAQ &#8211; Tr\u1ea3 l\u1eddi nh\u1eefng th\u1eafc m\u1eafc khi ch\u01a1i ZX88<\/strong><\/span><\/h2>\n<div class=\"accordion\"><\/div>\n\t<div id=\"accordion-4168866705\" class=\"accordion-item\">\n\t\t<a id=\"accordion-4168866705-label\" class=\"accordion-title plain\" href=\"#accordion-item-truy-c\u1eadp-zx88-w.com-tr\u00ean-c\u00e1c-trang-ch\u00ednh-th\u1ee9c-n\u00e0o?\" aria-expanded=\"false\" aria-controls=\"accordion-4168866705-content\" >\n\t\t\t<button class=\"toggle\" aria-label=\"Chuy\u1ec3n \u0111\u1ed5i\"><i class=\"icon-angle-down\"><\/i><\/button>\n\t\t\t<span>Truy c\u1eadp Zx88 w.com tr\u00ean c\u00e1c trang ch\u00ednh th\u1ee9c n\u00e0o?<\/span>\n\t\t<\/a>\n\t\t<div id=\"accordion-4168866705-content\" class=\"accordion-inner\" aria-labelledby=\"accordion-4168866705-label\" >\n\t\t\t\n<p><span style=\"color: #3366ff;\">5 trang truy c\u1eadp ch\u00ednh th\u1ee9c:<\/span><\/p>\n<ul>\n<li><span style=\"color: #3366ff;\">Zx88w.com<\/span><\/li>\n<li><span style=\"color: #3366ff;\"> Zx88 w.casino<\/span><\/li>\n<li><span style=\"color: #3366ff;\">Zx88 \u01b0.game<\/span><\/li>\n<li><span style=\"color: #3366ff;\">Zx88w . app<\/span><\/li>\n<li><span style=\"color: #3366ff;\">Zx88 w.bet<\/span><\/li>\n<\/ul>\n<p>#trangchuzx88 #dangnhapzx88 #dangkyzx88 #taiappzx88 #appzx88 #zx88bet #zx88casino<\/p>\n<p>#trangchuzx88w #dangnhapzx88w #dangkyzx88w #taiappzx88w #appzx88w #zx88wbet #zx88wcasino<\/p>\n\t\t<\/div>\n\t<\/div>\n\t\n\t<div id=\"accordion-2555388361\" class=\"accordion-item\">\n\t\t<a id=\"accordion-2555388361-label\" class=\"accordion-title plain\" href=\"#accordion-item-n\u1ea1p-ti\u1ec1n-t\u1ea1i-zx88w.bet-b\u1eb1ng-c\u00e1ch-n\u00e0o?\" aria-expanded=\"false\" aria-controls=\"accordion-2555388361-content\" >\n\t\t\t<button class=\"toggle\" aria-label=\"Chuy\u1ec3n \u0111\u1ed5i\"><i class=\"icon-angle-down\"><\/i><\/button>\n\t\t\t<span>N\u1ea1p ti\u1ec1n t\u1ea1i Zx88w.bet b\u1eb1ng c\u00e1ch n\u00e0o?<\/span>\n\t\t<\/a>\n\t\t<div id=\"accordion-2555388361-content\" class=\"accordion-inner\" aria-labelledby=\"accordion-2555388361-label\" >\n\t\t\t\n<p><span style=\"color: #3366ff;\">Truy c\u1eadp trang ch\u1ee7 ch\u00ednh th\u1ee9c Zx88w .com li\u00ean k\u1ebft t\u00e0i kho\u1ea3n ng\u00e2n h\u00e0ng v\u00e0 t\u1ea1o m\u00e3 b\u1ea3o m\u1eadt giao d\u1ecbch. Nh\u1ea5p v\u00e0o m\u1ee5c N\u1ea1p ti\u1ec1n ch\u1ecdn h\u00ecnh th\u1ee9c chuy\u1ec3n ti\u1ec1n ( QR code, USDT, banking s\u1ed1 t\u00e0i kho\u1ea3n&#8230;) nh\u1eadp s\u1ed1 ti\u1ec1n ki\u1ec3m tra l\u1ea1i k\u1ef9 th\u00f4ng tin x\u00e1c nh\u1eadn l\u00e0 n\u1ea1p \u0111\u01b0\u1ee3c ti\u1ec1n.<\/span><\/p>\n\t\t<\/div>\n\t<\/div>\n\t\n\t<div id=\"accordion-307923443\" class=\"accordion-item\">\n\t\t<a id=\"accordion-307923443-label\" class=\"accordion-title plain\" href=\"#accordion-item-li\u00ean-h\u1ec7-cskh-zx88-w.app-qua-c\u00e1c-k\u00eanh-n\u00e0o?\" aria-expanded=\"false\" aria-controls=\"accordion-307923443-content\" >\n\t\t\t<button class=\"toggle\" aria-label=\"Chuy\u1ec3n \u0111\u1ed5i\"><i class=\"icon-angle-down\"><\/i><\/button>\n\t\t\t<span>Li\u00ean h\u1ec7 CSKH Zx88 w.app qua c\u00e1c k\u00eanh n\u00e0o?<\/span>\n\t\t<\/a>\n\t\t<div id=\"accordion-307923443-content\" class=\"accordion-inner\" aria-labelledby=\"accordion-307923443-label\" >\n\t\t\t\n<p><span style=\"color: #3366ff;\">T\u1ea3i App nh\u00e0 c\u00e1i Zx88 c\u00f3 kh\u00f3 kh\u00f4ng?<\/span><\/p>\n<ul>\n<li><span style=\"color: #3366ff;\">Ng\u01b0\u1eddi ch\u01a1i truy c\u1eadp trang ch\u1ee7 nh\u00e0 c\u00e1i<\/span><\/li>\n<li><span style=\"color: #3366ff;\">Ch\u1ecdn m\u1ee5c T\u1ea3i App sau \u0111\u00f3 ch\u1ecdn h\u1ec7 \u0111i\u1ec1u h\u00e0nh iOs ho\u1eb7c Android<\/span><\/li>\n<li><span style=\"color: #3366ff;\">Ch\u1ecdn t\u1ea3i v\u1ec1 v\u00e0 c\u00e0i \u0111\u1eb7t theo h\u01b0\u1edbng d\u1eabn tr\u00ean thi\u1ebft b\u1ecb \u0111\u1ec3 ho\u00e0n th\u00e0nh<\/span><\/li>\n<\/ul>\n\t\t<\/div>\n\t<\/div>\n\t\n\t<div id=\"accordion-3613482003\" class=\"accordion-item\">\n\t\t<a id=\"accordion-3613482003-label\" class=\"accordion-title plain\" href=\"#accordion-item-tham-gia-ch\u01a1i-zx88w.casino-c\u00f3-an-to\u00e0n-kh\u00f4ng?\" aria-expanded=\"false\" aria-controls=\"accordion-3613482003-content\" >\n\t\t\t<button class=\"toggle\" aria-label=\"Chuy\u1ec3n \u0111\u1ed5i\"><i class=\"icon-angle-down\"><\/i><\/button>\n\t\t\t<span>Tham gia ch\u01a1i Zx88w.casino c\u00f3 an to\u00e0n kh\u00f4ng?<\/span>\n\t\t<\/a>\n\t\t<div id=\"accordion-3613482003-content\" class=\"accordion-inner\" aria-labelledby=\"accordion-3613482003-label\" >\n\t\t\t\n<p><span style=\"color: #3366ff;\">Ng\u01b0\u1eddi ch\u01a1i ho\u00e0n to\u00e0n an t\u00e2m khi ch\u01a1i tr\u00ean Zx88 game trang s\u1eed d\u1ee5ng c\u00f4ng ngh\u1ec7 m\u00e3 h\u00f3a SSL-128bit b\u1ea3o v\u1ec7 th\u00f4ng tin t\u00e0i kho\u1ea3n, giao d\u1ecbch c\u1ee7a ng\u01b0\u1eddi ch\u01a1i tuy\u1ec7t \u0111\u1ed1i kh\u00f4ng \u0111\u1ec3 b\u1ecb hack b\u1edfi b\u00ean Th\u1ee9 3.<\/span><\/p>\n\t\t<\/div>\n\t<\/div>\n\t\n<p>&nbsp;<\/p>\n","protected":false},"excerpt":{"rendered":"<p>TRANG CH\u1ee6 \u0110\u0102NG NH\u1eacP NH\u00c0 C\u00c1I ZX88 Link trang t\u1ed5ng v\u00e0o Zx88w com ch\u00ednh th\u1ee9c c\u1eadp nh\u1eadt ng\u00e0y h\u00f4m nay m\u1edbi nh\u1ea5t: Disclaimer (Tuy\u00ean b\u1ed1 mi\u1ec5n tr\u1eeb): Zx88w.net ch\u1ec9 cung c\u1ea5p th\u00f4ng tin tham kh\u1ea3o d\u00e0nh cho ng\u01b0\u1eddi d\u00f9ng t\u1eeb 18 tu\u1ed5i tr\u1edf l\u00ean \u0111ang sinh s\u1ed1ng ngo\u00e0i l\u00e3nh th\u1ed5 Vi\u1ec7t Nam. Trang web kh\u00f4ng&#8230;<\/p>\n","protected":false},"author":1,"featured_media":0,"parent":0,"menu_order":0,"comment_status":"closed","ping_status":"open","template":"page-right-sidebar.php","meta":{"footnotes":""},"class_list":["post-2","page","type-page","status-publish","hentry"],"_links":{"self":[{"href":"https:\/\/zx88w.net\/index.php?rest_route=\/wp\/v2\/pages\/2","targetHints":{"allow":["GET"]}}],"collection":[{"href":"https:\/\/zx88w.net\/index.php?rest_route=\/wp\/v2\/pages"}],"about":[{"href":"https:\/\/zx88w.net\/index.php?rest_route=\/wp\/v2\/types\/page"}],"author":[{"embeddable":true,"href":"https:\/\/zx88w.net\/index.php?rest_route=\/wp\/v2\/users\/1"}],"replies":[{"embeddable":true,"href":"https:\/\/zx88w.net\/index.php?rest_route=%2Fwp%2Fv2%2Fcomments&post=2"}],"version-history":[{"count":54,"href":"https:\/\/zx88w.net\/index.php?rest_route=\/wp\/v2\/pages\/2\/revisions"}],"predecessor-version":[{"id":632,"href":"https:\/\/zx88w.net\/index.php?rest_route=\/wp\/v2\/pages\/2\/revisions\/632"}],"wp:attachment":[{"href":"https:\/\/zx88w.net\/index.php?rest_route=%2Fwp%2Fv2%2Fmedia&parent=2"}],"curies":[{"name":"wp","href":"https:\/\/api.w.org\/{rel}","templated":true}]}}